 of 69472495?
5, 37, 375527
List the prime factors of 708780993.
3, 31, 857, 8893
What are the prime factors of 20468125?
5, 32749
List the prime factors of 3685318780.
2, 5, 11, 13, 9011
What are the prime factors of 802876738?
2, 173, 257, 9029
List the prime factors of 1727898005.
5, 7013, 49277
What are the prime factors of 146273833?
1033, 141601
What are the prime factors of 19809257?
13, 1523789
What are the prime factors of 7471158407?
277, 26971691
What are the prime factors of 99712215?
3, 5, 246203
List the prime factors of 361111377.
3, 11, 43, 173, 1471
What are the prime factors of 222326558?
2, 467, 238037
List the prime factors of 2110891291.
41263, 51157
What are the prime factors of 490040421?
3, 13, 12565139
List the prime factors of 35291884.
2, 1187, 7433
List the prime factors of 831329550.
2, 3, 5, 1213, 1523
List the prime factors of 49756103.
49756103
List the prime factors of 62764786.
2, 7, 640457
What are the prime factors of 148017164?
2, 17, 2176723
List the prime factors of 5978318932.
2, 1494579733
List the prime factors of 3767746256.
2, 53, 4443097
What are the prime factors of 1318154863?
23, 251, 228331
What are the prime factors of 31714113?
3, 10571371
List the prime factors of 356460026.
2, 13, 19, 23, 137, 229
What are the prime factors of 420320364?
2, 3, 1877, 18661
What are the prime factors of 215818923?
3, 71939641
What are the prime factors of 115652288?
2, 1807067
List the prime factors of 4468354732.
2, 17, 4723, 13913
List the prime factors of 1241260620.
2, 3, 5, 20687677
What are the prime factors of 2037720552?
2, 3, 7, 241, 50329
What are the prime factors of 227902759?
7, 109, 298693
What are the prime factors of 50315405?
5, 7, 41, 5009
List the prime factors of 2545372824.
2, 3, 41, 1091, 2371
What are the prime factors of 2701374477?
3, 17, 37, 1431571
List the prime factors of 9828057.
3, 17, 107, 1801
List the prime factors of 2629302445.
5, 7, 11, 607, 11251
List the prime factors of 39852453.
3, 31, 173, 2477
List the prime factors of 147595820.
2, 5, 89, 283, 293
What are the prime factors of 36562978?
2, 18281489
List the prime factors of 3765129.
3, 83, 15121
List the prime factors of 4272016873.
4272016873
What are the prime factors of 3036744?
2, 3, 17, 827
List the prime factors of 98387644.
2, 1021, 24091
List the prime factors of 346973485.
5, 17, 4082041
What are the prime factors of 2558178746?
2, 191, 631, 10613
List the prime factors of 4596261735.
3, 5, 13, 1813121
What are the prime factors of 9058851?
3, 31, 79, 137
List the prime factors of 575998213.
7, 127, 647917
List the prime factors of 110402947.
17, 727, 8933
List the prime factors of 947275917.
3, 7, 829, 54413
List the prime factors of 737820844.
2, 19, 53, 113, 1621
What are the prime factors of 257912792?
2, 37, 101, 8627
List the prime factors of 1553550321.
3, 17, 439, 69389
List the prime factors of 315506907.
3, 773, 5039
What are the prime factors of 346538736?
2, 3, 267391
List the prime factors of 152926187.
41, 1657, 2251
List the prime factors of 1414002714.
2, 3, 235667119
What are the prime factors of 2043800762?
2, 2579, 396239
What are the prime factors of 1382910910?
2, 5, 431, 320861
List the prime factors of 119295561.
3, 7, 11, 516431
What are the prime factors of 282822858?
2, 3, 23, 31, 22037
List the prime factors of 221560828.
2, 103, 537769
What are the prime factors of 1663809043?
13, 19, 6736069
What are the prime factors of 174246983?
174246983
List the prime factors of 24844855.
5, 7, 709853
List the prime factors of 108327635.
5, 13, 1163, 1433
What are the prime factors of 166951157?
19, 8786903
List the prime factors of 39726966.
2, 3, 157, 181, 233
List the prime factors of 1470419021.
79, 18612899
What are the prime factors of 6528266215?
5, 263, 4964461
What are the prime factors of 534276566?
2, 947, 282089
What are the prime factors of 3895513945?
5, 101, 653, 11813
What are the prime factors of 2983096?
2, 281, 1327
What are the prime factors of 280776290?
2, 5, 61, 460289
List the prime factors of 1502343.
3, 79, 2113
List the prime factors of 871166446.
2, 23, 2539, 7459
What are the prime factors of 2904123388?
2, 1321, 549607
What are the prime factors of 417866747?
197, 503, 4217
List the prime factors of 2365537655.
5, 13, 103, 353329
What are the prime factors of 205259208?
2, 3, 7, 11, 109, 1019
List the prime factors of 4623390790.
2, 5, 8429, 54851
What are the prime factors of 783132923?
41, 19100803
List the prime factors of 41039330.
2, 5, 101, 179, 227
What are the prime factors of 2134138564?
2, 533534641
What are the prime factors of 47781314?
2, 7, 19, 263, 683
List the prime factors of 2701669999.
7, 23, 487, 34457
What are the prime factors of 38512942?
2, 13, 619, 2393
What are the prime factors of 466911709?
11, 42446519
What are the prime factors of 351370826?
2, 175685413
What are the prime factors of 76342776?
2, 3, 89, 103, 347
What are the prime factors of 181990208?
2, 19, 7877
List the prime factors of 1198169767.
101, 11863067
What are the prime factors of 3037225996?
2, 7, 211, 271
List the prime factors of 16567737.
3, 101, 54679
What are the prime factors of 44943064?
2, 67, 191, 439
What are the prime factors of 77672309?
11, 13, 543163
List the prime factors of 797367081.
3, 7, 3373, 11257
What are the prime factors of 128773662?
2, 3, 787, 27271
What are the prime factors of 47936110?
2, 5, 1051, 4561
What are the prime factors of 252705202?
2, 126352601
What are the prime factors of 49305772?
2, 12326443
List the prime factors of 261076249.
7, 89, 619, 677
List the prime factors of 661420139.
17, 29, 78919
What are the prime factors of 20954180?
2, 5, 13, 83, 971
What are the prime factors of 622078223?
13, 47852171
List the prime factors of 30108129.
3, 953, 10531
List the prime factors of 29010239.
53, 547363
List the prime factors of 255552582.
2, 3, 29, 149, 9857
What are the prime factors of 2964384960?
2, 3, 5, 3087901
List the prime factors of 3879998297.
7, 59, 9394669
What are the prime factors of 80536243?
80536243
What are the prime factors of 1623772687?
1623772687
List the prime factors of 482066124.
2, 3, 40172177
List the prime factors of 502300557.
3, 11, 53, 95731
What are the prime factors of 448532207?
61, 7352987
What are the prime factors of 20877508?
2, 31, 101, 1667
What are the prime factors of 211839523?
7, 31, 739, 1321
What are the prime factors of 1167131805?
3, 5, 7, 59, 293, 643
List the prime factors of 206659240.
2, 5, 5166481
List the prime factors of 28622979.
3, 7, 11, 103, 401
List the prime factors of 8290718439.
3, 2763572813
What are the prime factors of 264858692?
2, 7, 2221, 4259
What are the prime factors of 6115693?
37, 67, 2467
What are the prime factors of 34687488?
2, 3, 11, 2053
What are the prime factors of 91117820?
2, 5, 4555891
What are the prime factors of 437858608?
2, 11, 2487833
What are the prime factors of 1435272285?
3, 5, 3491, 27409
What are the prime factors of 1599854883?
3, 11, 48480451
List the prime factors of 42501878.
2, 29, 71, 10321
List the prime factors of 113171146.
2, 11, 5144143
List the prime factors of 82110806.
2, 41055403
List the prime factors of 34149140.
2, 5, 1707457
List the prime factors of 18617053.
7, 13, 204583
What are the prime factors of 5027420966?
2, 71, 35404373
List the prime factors of 1817706841.
26459, 68699
List the prime factors of 187351899.
3, 7, 67, 133157
List the prime factors of 14914602.
2, 3, 67, 83, 149
What are the prime factors of 46794955?
5, 9358991
What are the prime factors of 380901948?
2, 3, 7, 239, 18973
What are the prime factors of 1562542383?
3, 31, 16801531
List the prime factors of 81031472.
2, 97, 109, 479
What are the prime factors of 93608153?
89, 337, 3121
What are the prime factors of 4656078706?
2, 19, 389, 314983
List the prime factors of 2368432034.
2, 7541, 157037
What are the prime factors of 5335312418?
2, 61, 127, 344347
What are the prime factors of 2944719092?
2, 7, 521, 28837
What are the prime factors of 3430616534?
2, 41, 41836787
List the prime factors of 192071182.
2, 1123, 85517
List the prime factors of 152806230.
2, 3, 5, 67, 8447
List the prime factors of 21955952.
2, 673, 2039
List the pri